4032 and 16.
16
What is the highest common factor of 24349 and 104?
13
What is the greatest common divisor of 69549 and 5736?
717
Calculate the greatest common divisor of 10149 and 612.
51
What is the greatest common factor of 34350 and 300?
150
What is the highest common factor of 46 and 16882?
46
Calculate the highest common factor of 2454947 and 11.
11
What is the greatest common factor of 1 and 16901?
1
Calculate the highest common divisor of 336579 and 3.
3
Calculate the highest common factor of 3309 and 15.
3
Calculate the greatest common divisor of 28 and 97.
1
What is the highest common divisor of 252 and 16111242?
126
What is the highest common divisor of 16881 and 459?
51
What is the highest common divisor of 160 and 353820?
20
Calculate the highest common divisor of 2730 and 46020.
390
Calculate the highest common factor of 60228 and 1260.
252
What is the greatest common factor of 247 and 65588?
19
Calculate the highest common divisor of 195 and 1252095.
195
Calculate the greatest common factor of 17309 and 10021.
911
What is the greatest common divisor of 176749 and 562?
281
What is the highest common factor of 140577 and 3525?
141
Calculate the highest common factor of 151992 and 24.
24
Calculate the greatest common divisor of 36588 and 10716.
12
Calculate the greatest common divisor of 15564112 and 272.
272
Calculate the highest common factor of 152 and 13680.
152
What is the highest common divisor of 443376 and 108?
36
What is the highest common divisor of 7 and 66283?
7
Calculate the greatest common divisor of 17538 and 88638.
474
What is the highest common factor of 45539 and 3627?
403
What is the greatest common divisor of 8032 and 167166?
502
What is the highest common divisor of 2056 and 20303?
257
What is the greatest common divisor of 195 and 13165?
5
Calculate the highest common divisor of 20 and 2013380.
20
What is the highest common divisor of 281285 and 505?
505
What is the greatest common divisor of 1340 and 1800?
20
Calculate the greatest common factor of 2367 and 4824.
9
What is the greatest common factor of 1600 and 15360?
320
What is the highest common factor of 1332 and 4588?
148
What is the highest common divisor of 72 and 45153?
9
What is the greatest common divisor of 27 and 3049263?
9
What is the highest common factor of 1652 and 7559552?
1652
What is the greatest common factor of 403 and 68107?
403
What is the highest common factor of 42 and 1570?
2
Calculate the highest common factor of 1856 and 845176.
232
What is the greatest common divisor of 1012011 and 78?
39
Calculate the greatest common factor of 55451 and 99.
11
What is the greatest common divisor of 20 and 5968?
4
Calculate the highest common factor of 7766 and 440.
22
Calculate the greatest common divisor of 553 and 27571.
79
What is the greatest common factor of 12427 and 86?
43
Calculate the highest common factor of 70830 and 36.
18
Calculate the greatest common divisor of 22656 and 480.
96
Calculate the greatest common divisor of 1745531 and 1315.
263
What is the highest common divisor of 630 and 248220?
630
What is the greatest common divisor of 5348 and 700?
28
Calculate the highest common factor of 2 and 62292.
2
Calculate the greatest common divisor of 3669 and 1260913.
1223
Calculate the highest common divisor of 673506 and 1278.
1278
Calculate the highest common divisor of 5712 and 21012.
204
What is the highest common divisor of 5838 and 840?
42
What is the greatest common divisor of 24130 and 2286?
254
Calculate the greatest common divisor of 5271 and 1493199.
753
What is the greatest common divisor of 539 and 12537?
7
Calculate the greatest common divisor of 20195 and 1400.
35
Calculate the greatest common divisor of 24 and 121812.
12
Calculate the greatest common divisor of 20 and 1112.
4
Calculate the greatest common factor of 3796 and 2444.
52
What is the highest common factor of 212 and 574997?
53
What is the greatest common factor of 1800 and 2328?
24
Calculate the highest common factor of 50530 and 620.
310
Calculate the highest common factor of 1080 and 171520.
40
What is the highest common factor of 598979 and 2284?
571
Calculate the highest common factor of 174348 and 108.
36
What is the highest common factor of 307078 and 228?
38
What is the greatest common divisor of 68412 and 96?
12
Calculate the greatest common divisor of 458140 and 40.
20
Calculate the highest common divisor of 3205 and 476263.
641
Calculate the greatest common factor of 1375 and 589325.
275
What is the highest common divisor of 15 and 127220?
5
What is the greatest common factor of 3212 and 15796?
44
Calculate the highest common factor of 1785 and 19278.
357
Calculate the highest common factor of 55744 and 4992.
832
What is the greatest common factor of 1632 and 152?
8
Calculate the highest common divisor of 616378 and 14.
14
Calculate the greatest common factor of 219126 and 66.
6
What is the greatest common divisor of 1452398 and 2?
2
Calculate the highest common factor of 836 and 276694.
22
Calculate the greatest common factor of 73563 and 339.
339
Calculate the highest common divisor of 23435 and 5995.
545
Calculate the greatest common factor of 11 and 4079801.
11
Calculate the highest common divisor of 80 and 30848.
16
Calculate the highest common factor of 3312 and 3427.
23
Calculate the greatest common factor of 144729 and 117.
117
Calculate the greatest common factor of 12382 and 6342.
302
Calculate the greatest common divisor of 3450 and 1698.
6
Calculate the greatest common divisor of 1955 and 115.
115
Calculate the greatest common divisor of 2601 and 141984.
153
Calculate the greatest common factor of 44 and 28369.
11
Calculate the greatest common divisor of 9582196 and 65.
13
What is the greatest common factor of 228 and 12612?
12
Calculate the highest common factor of 455 and 87815.
455
Calculate the greatest common factor of 1335 and 699985.
445
Calculate the highest common factor of 15022 and 2331.
259
Calculate the highest common factor of 302 and 835181.
151
What is the greatest common factor of 5545 and 819551?
1109
Calculate the greatest common divisor of 28 and 229978.
14
Calculate the highest common factor of 96 and 5718.
6
What is the greatest common divisor of 7133 and 1421?
7
Calculate the greatest common divisor of 132 and 572.
44
Calculate the highest common factor of 55 and 266519.
11
What is the greatest common factor of 11753 and 1288?
161
What is the greatest common divisor of 224 and 247982?
14
What is the greatest common factor of 676 and 77116?
52
What is the highest common factor of 204 and 2036396?
68
Calculate the highest common divisor of 236403 and 9.
9
Calculate the highest common divisor of 11451 and 33.
33
Calculate the highest common factor of 227830 and 110.
10
What is the highest common factor of 970 and 44130?
10
What is the greatest common divisor of 34826 and 891?
11
Calculate the highest common divisor of 42 and 44598.
6
Calculate the highest common divisor of 45 and 3864375.
45
Calculate the highest common divisor of 32430 and 40.
10
Calculate the greatest common divisor of 10894 and 143.
13
Calculate the highest common divisor of 4914873 and 9.
9
Calculate the greatest common divisor of 2175 and 229100.
725
Calculate the greatest common divisor of 14 and 2968973.
7
Calculate the greatest common divisor of 20243 and 403.
31
Calculate the highest common factor of 833895 and 7395.
435
Calculate the highest common divisor of 1776 and 1369.
37
Calculate the highest common divisor of 44278 and 6422.
338
Calculate the highest common factor of 455158 and 374.
374
What is the highest common factor of 453 and 732652?
151
What is the greatest common divisor of 192796 and 1535?
307
Calculate the highest common divisor of 28644 and 224.
28
What is the greatest common divisor of 34 and 129386?
2
Calculate the greatest common divisor of 248832 and 54.
54
Calculate the highest common factor of 99 and 8181.
9
What is the greatest common divisor of 32 and 4690?
2
Calculate the highest common divisor of 42 and 75138.
42
Calculate the highest common divisor of 69 and 614.
1
Calculate the greatest common factor of 20526 and 66.
66
Calculate the greatest common divisor of 2009 and 280672.
49
Calculate the greatest common